*l**2 - 17 - 4*l + 5*l**2. Give j(-4).
4
Let h(j) be the second derivative of 5*j**3/6 - 3*j**2/2 + 103*j + 3. Determine h(0).
-3
Let m(j) = 4*j + 4. Let a(t) = t**3 + t**2 + t + 14. Let p be a(0). Suppose 2*x - 4*x - p = 0. Let o = x + 4. What is m(o)?
-8
Let w(z) be the third derivative of -1/3*z**4 - 17*z**2 + 1/60*z**5 + 3/2*z**3 + 0*z + 0. Give w(6).
-3
Let q(i) = i - 6. Let j be q(6). Let a(x) be the second derivative of -x**5/20 - x**4/12 - x**3/6 + 2*x**2 - x + 34. Calculate a(j).
4
Let u(k) be the third derivative of -k**6/120 + 7*k**5/60 + 7*k**4/24 - 2*k**3/3 + 40*k**2. Calculate u(8).
-12
Let o(q) be the second derivative of -7/6*q**3 + 0 + q**2 + 2*q. Let j(f) = -21*f + 7. Let z(n) = -2*j(n) + 7*o(n). Give z(-1).
7
Let o(p) = p**2 - p - 3. Let c be ((-15)/(-20))/(3/8). Suppose 0 = 4*t + 2*m + c, 2*t = -3*m - 0*m - 3. Determine o(t).
-3
Let v(b) = 21*b - 139. Let q(k) = -4*k + 28. Let l(f) = -11*q(f) - 2*v(f). What is l(12)?
-6
Let x(k) = 2*k**3 - 8*k**2 + k + 10. Let t(h) = -2*h**3 + 11*h**2 - h - 14. Let r(j) = 3*t(j) + 4*x(j). Suppose 0*c + 2 = -c. Calculate r(c).
-16
Let r(z) = -4*z + 34. Let o be r(8). Let w be o - (1 + 0/(-2)). Let v(c) = -3*c**2 - 2*c + 1. Give v(w).
-4
Let y(d) = d + 1. Suppose -5*p = i - 19, -2*i + 0 = 2*p - 6. Suppose -z - 2*z = p*v - 2, 4 = v - z. Suppose -5*l - 5 = 2*x, 5*x - l - v + 1 = 0. Calculate y(x).
1
Let u(r) be the second derivative of -r**3/6 - 2*r**2 - 6*r + 8. Give u(4).
-8
Let s = 1 - 0. Let g(y) = -2*y - 2*y - s - 5*y - 2*y. Determine g(1).
-12
Let p(u) be the second derivative of u**4/12 - 5*u**3/6 + 2*u**2 + 15*u. Let s be 43/9 + 16/72. What is p(s)?
4
Let f(o) = 14*o**2 + 5*o - 3. Let g(s) = 19*s**2 + 4*s - 2. Let u(m) = -4*f(m) + 3*g(m). Calculate u(6).
-6
Let r(g) = -5 - g + 3*g - 1. Let p be 20/3 + 1/3. Let z = 11 - p. Determine r(z).
2
Let a(h) = 3*h + 2. Suppose 2*m + 3*m = 45. Let g be (m/6)/(7/(-14)). What is a(g)?
-7
Let f(o) = 4*o + 3*o + 5 - 6*o - 11*o. Determine f(4).
-35
Let p(j) = -19 - 2*j**2 + 16 + 0*j**2 + 3*j**2. Give p(3).
6
Let q(d) be the third derivative of -d**4/6 - d**3/2 + 7*d**2. Let o(w) = -w**2 - 12*w + 9. Let i be o(-13). Calculate q(i).
13
Let r(z) = z**2 + z - 2. Let i be ((-4)/3)/((-1)/(-3)) + 6. Determine r(i).
4
Let n(i) be the second derivative of -2*i**3/3 + i. Let f = -51 + 55. Suppose 0 - 8 = -f*x. Give n(x).
-8
Let y(n) = -n**3 - 5*n**2 + 3*n - 1. Suppose 4*l = 4*p + 6*l - 22, 3*p - 19 = -4*l. Suppose p*u + 45 = 15. Determine y(u).
17
Let m(h) = -2 + 2 + h**2 + 7*h + 4. Suppose 47*r - 46*r = -6. Determine m(r).
-2
Let c be (-5)/(5/25 - (-6)/(-5)). Let j(a) = a**3 - 5*a**2 - a + 5. Determine j(c).
0
Let s(t) be the first derivative of t**3/3 + 8*t + 42. Let p = 23 - 15. Suppose 2*a - 2*v - p = 0, 5*v + 5 = -15. Give s(a).
8
Let i be 2 + ((-5)/(-2))/((-95)/(-38)). Let s(j) = -4*j + 6. Determine s(i).
-6
Let o(s) be the second derivative of 0 + 9/2*s**2 - 1/60*s**5 + 1/4*s**4 + 3/2*s**3 - 13*s. Let d(h) be the first derivative of o(h). Give d(7).
2
Let s(d) = 44*d - 144. Let p(c) = 9*c - 29. Let t(v) = -24*p(v) + 5*s(v). Calculate t(5).
-4
Let k(q) = 3*q. Let f be 4 + -4 + (-3)/(-1). Suppose -5 = -4*i - 5*a, -5*i + 3*a - 3 = -2*i. Suppose f*n + 12 = d - 0*d, i = -5*n - 15. Calculate k(d).
9
Let j(l) be the second derivative of l**4/12 - 11*l**3/6 + 3*l**2 - 15*l + 5. Give j(12).
18
Suppose 7*v - 5*v = 8. Suppose -7*i + 12 = -v*i. Suppose -5*l + 32 = 2*k, 0 = 5*k - 4*k + i. Let m(b) = -b**2 + 10*b - 9. Determine m(l).
7
Let y(m) be the third derivative of m**6/120 + 2*m**3 + 232*m**2. What is y(0)?
12
Let r(b) be the second derivative of -4*b**2 - 2/3*b**3 - 18*b + 0. Give r(-6).
16
Let b(k) = -k**3 + 6*k**2 - 5*k + 8. Let g be b(5). Let d(n) = -g*n + 8*n + n + 3. What is d(-5)?
-2
Let r(l) = -11*l + 5. Let x(z) = 9*z - 4. Let d(b) = -5*r(b) - 6*x(b). Let w = 3 - -3. Suppose t + w = -t. Calculate d(t).
-4
Let z(r) = 5*r + 17. Suppose 2*f + 20 = -4*d, -7*d + 12*d = 4*f + 27. What is z(f)?
-23
Let c(o) = -o**3 + 15*o**2 - 13*o - 16. Suppose -3*f - 42 = -6*f. Determine c(f).
-2
Let j(y) be the second derivative of y**5/20 - 11*y**4/12 + 5*y**3/2 - 7*y**2/2 + 415*y. Determine j(10).
43
Let m(u) be the third derivative of -u**6/120 + u**4/24 - 5*u**3/3 - 291*u**2. Give m(0).
-10
Let f(s) = -2 + 409*s + 10 - 411*s. Let b be f(8). Let k(z) = -z - 1. What is k(b)?
7
Let g(p) = p**3 + 6*p**2 - 4*p - 4. Let t(z) = -3*z**2 + 1. Let f(x) = g(x) + 3*t(x). Let y = -26 - -30. Calculate f(y).
-1
Let l(w) = -9*w**3 + w**2 - w + 1. Let y(p) = 1 - 5*p + 6*p + 3 - 14*p**2 + 11*p**2 - p**3. Let u be y(-3). Calculate l(u).
-8
Let i = 198/7 - 3953/140. Let c(q) be the second derivative of -q + q**3 + 0 - 1/3*q**4 - i*q**5 + 3*q**2. Calculate c(-5).
1
Suppose -2*w + 6*w = c - 22, -w = -5*c + 15. Suppose 0 = c*z + 4*x - 6, -5*z - 56 = -x - 16. Let u(n) = -n - 13. Give u(z).
-6
Suppose -10*g = -6*g - 8. Let k(q) = -q + 16*q**g + 0*q - 3*q**2 - 3*q**2. Determine k(-1).
11
Let m(p) = 4*p**2 + 23*p - 46. Let l be m(-7). Let c(z) = -3*z - 1. Determine c(l).
32
Let o(p) = 2*p**2 + 3*p - 4. Let l = 48 - 50. Let i be (l/(-6))/(4/(-36)). Give o(i).
5
Let h = 1634 + -1629. Let l(c) = -2*c - 7. Determine l(h).
-17
Let p(f) = -f**2 - 3 + 3*f**2 + 3*f - 3*f**2. Suppose 5*w = -4*j + 7*j - 12, 4*j - 16 = -2*w. Give p(j).
-7
Let w(j) = -2*j**3 - j**2. Let u(v) = 5*v**3 + 2*v**2 + v + 1. Let p(x) = 3*u(x) + 7*w(x). Calculate p(-2).
-15
Let r(f) = 5*f**2 - 3*f. Suppose 3*o + 30 = 6*o. Suppose 2*v = 2*n + o, -2*v + 3*v + n = -1. Calculate r(v).
14
Let k(d) = 2*d + 1. Suppose 0*t = t - 3. Suppose t*n = 3*i, -3*i - 4*n + 24 = -i. Suppose 4*z - 6 + 32 = -2*l, 5*l + i*z = -35. Determine k(l).
-5
Let r(n) = -32*n + 13. Let d(v) = 63*v - 28. Let k(m) = -6*d(m) - 13*r(m). Calculate k(-1).
-39
Let m(r) = r**3 - 6*r**2 + 2*r - 8. Suppose -24 = 59*z - 63*z. Calculate m(z).
4
Let q(h) = 5*h**3 - h**2 + 1. Let g be 2 + (16/(-24))/(4/6). What is q(g)?
5
Let b(v) = v**2 - 6*v + 1. Suppose 0 = -3*z + 2*i + 11, 0*z + 4*i = 5*z - 17. Let u = 30 + -26. Suppose 5*d = z*x - 15, 2*d + 2 = -u*x + 26. What is b(x)?
-4
Suppose -a - 9 = -4*a. Suppose 36 = 7*p + 8. Suppose a*z - p*z = 2. Let l(i) = 2*i**2 + 4*i + 3. Give l(z).
3
Let m(s) = s**3 - s - 1. Let j be 2 - (-6 + 0 + 9). Determine m(j).
-1
Let g(x) be the second derivative of x**5/20 + x**4/2 - x**3/3 + 3*x**2/2 + 20*x - 6. Calculate g(-5).
38
Let p(x) = -3*x - 4. Let z(c) = c**3 - 16*c**2 + 17*c - 14. Let r be z(15). Suppose -8*k + r = -12*k. What is p(k)?
8
Let g(j) = -2*j**3 + 22*j**2 - 6*j + 41. Let z be g(11). Let p(w) = -w**3 - 23*w**2 + 49*w - 25. Calculate p(z).
0
Suppose -2*j - 3*c + c - 34 = 0, -5*j - 3*c - 85 = 0. Let z = -14 - j. Suppose -3 = z*m - 21. Let t(x) = x + 3. Calculate t(m).
9
Let r(a) = 2*a + 17. Suppose -7 = 4*t + 2*q + 23, 3*t = -q - 21. What is r(t)?
5
Let v(x) = -x**3 + 6*x**2 - 4*x - 1. Suppose 3753 = -5*d + 3783. Give v(d).
-25
Let m(y) = -5. Let r(b) = 9. Let s(v) = 7*m(v) + 4*r(v). Let c(u) = -16 - 4*u + u**2 + 3*u + 19. Let t(z) = -c(z) + 6*s(z). Calculate t(-3).
-9
Let i(q) = -q**3 + 5*q**2 - 4*q - 5. Suppose -3*j - 15 = 5*u, -1 = -4*u - 5*j - 0. Let m = -2 - u. Suppose -m*s = -7*s + 12. Determine i(s).
-5
Suppose h - 74 = -i + 5*h, 2*i - 134 = h. Let f = i - 65. Let m(n) = -28*n + 1. Give m(f).
-27
Let j be (15/5)/(-3) - -2. Let g be (5/(-15))/(j/(-9)). Let h(n) = 2*n - 2. Give h(g).
4
Suppose 26*f = 17*f + 27. Let g(w) = w**3 - 2*w**2 - 3*w - 4. Calculate g(f).
-4
Let u(t) = -3*t**2 + t - 4. Let l(p) = -p**2 + p - 2. Let k(n) = -5*l(n) + 2*u(n). Let f(r) be the first derivative of k(r). Let s = -59 + 55. Calculate f(s).
5
Let z(r) = -3 + 262*r + 1 - 259*r. Determine z(3).
7
Let x(v) = -9*v**3 - 2*v + 1. Suppose 2 - 10 = -2*c. Suppose -10 = -c*f + 2*a, 0*f = 2*f - 4*a - 14. Calculate x(f).
-10
Let j(i) be the first derivative of i**3/3 - 5*i**2/2 - 3380. Suppose 4*d - 4*z - 28 = 0, 2*d + 4*z - 17 = -3*d. What is j(d)?
0
Let u(m) be the third derivative of -m**5/15 + m**4/24 + m**3/6 + 5*m**2. Let f(x) = -x**2 - 30*x - 1. Let k be f(-30). What is u(k)?
-4
Let i(t) = -t**2 + 4*t + 3. Let c be 273/5 - (-2)/5. Suppose 57 - c = -p. Determine i(p).
-9
Let y(h) = h**3 + 4*h**2 - 4*h - 1. Let v be 1*4/(1 + -5) + 4. Let d(z) = -4 + 